{"id":2661,"date":"2021-02-09T10:40:29","date_gmt":"2021-02-09T10:40:29","guid":{"rendered":"https:\/\/rynkowskidesign.pl\/index.php\/portfolio-single\/"},"modified":"2025-01-14T17:40:13","modified_gmt":"2025-01-14T17:40:13","slug":"oferta","status":"publish","type":"page","link":"https:\/\/rynkowskidesign.pl\/index.php\/oferta\/","title":{"rendered":"Oferta"},"content":{"rendered":"\n<section id=\"wp-block-themeisle-blocks-advanced-columns-18c858ec\" class=\"wp-block-themeisle-blocks-advanced-columns alignfull has-1-columns has-desktop-equal-layout has-tablet-equal-layout has-mobile-equal-layout has-vertical-flex-start has-light-bg\"><div class=\"wp-block-themeisle-blocks-advanced-columns-overlay\"><\/div><div class=\"innerblocks-wrap\">\n<div id=\"wp-block-themeisle-blocks-advanced-column-99fd2096\" class=\"wp-block-themeisle-blocks-advanced-column\">\n<section id=\"wp-block-themeisle-blocks-advanced-columns-b5db6203\" class=\"wp-block-themeisle-blocks-advanced-columns has-1-columns has-desktop-equal-layout has-tablet-equal-layout has-mobile-equal-layout has-vertical-flex-start\"><div class=\"wp-block-themeisle-blocks-advanced-columns-overlay\"><\/div><div class=\"innerblocks-wrap\">\n<div id=\"wp-block-themeisle-blocks-advanced-column-92cb7222\" class=\"wp-block-themeisle-blocks-advanced-column\"><\/div>\n<\/div><\/section>\n\n\n\n<section id=\"wp-block-themeisle-blocks-advanced-columns-eb7862f9\" class=\"wp-block-themeisle-blocks-advanced-columns has-3-columns has-desktop-equal-layout has-tablet-equal-layout has-mobile-collapsedRows-layout has-vertical-flex-start\"><div class=\"wp-block-themeisle-blocks-advanced-columns-overlay\"><\/div><div class=\"innerblocks-wrap\">\n<div id=\"wp-block-themeisle-blocks-advanced-column-bb270bd1\" class=\"wp-block-themeisle-blocks-advanced-column animated bounceIn\">\n<p class=\"has-text-align-center\"><\/p>\n\n\n<div class=\"wp-block-image is-style-rounded animated bounceIn\">\n<figure class=\"aligncenter size-large is-resized\"><a href=\"https:\/\/rynkowskidesign.pl\/index.php\/budynki-mieszkalne\/\"><img decoding=\"async\" src=\"https:\/\/rynkowskidesign.pl\/wp-content\/uploads\/2021\/02\/obrazek1-1024x1024.jpg\" alt=\"\" class=\"wp-image-3059\" width=\"400\" height=\"400\" srcset=\"https:\/\/rynkowskidesign.pl\/wp-content\/uploads\/2021\/02\/obrazek1-1024x1024.jpg 1024w, https:\/\/rynkowskidesign.pl\/wp-content\/uploads\/2021\/02\/obrazek1-300x300.jpg 300w, https:\/\/rynkowskidesign.pl\/wp-content\/uploads\/2021\/02\/obrazek1-150x150.jpg 150w, https:\/\/rynkowskidesign.pl\/wp-content\/uploads\/2021\/02\/obrazek1-768x768.jpg 768w, https:\/\/rynkowskidesign.pl\/wp-content\/uploads\/2021\/02\/obrazek1.jpg 1219w\" sizes=\"(max-width: 400px) 100vw, 400px\" \/><\/a><\/figure><\/div>\n\n\n<div id=\"wp-block-themeisle-blocks-advanced-heading-8210511f\" class=\"wp-block-themeisle-blocks-advanced-heading wp-block-themeisle-blocks-advanced-heading-8210511f\"><br><strong>Budynki mieszkalne<\/strong><\/div>\n\n\n\n<p class=\"has-text-align-center has-normal-font-size\">projekty dom\u00f3w jednorodzinnych, projekty budynk\u00f3w mieszkalnych wielorodzinnych, przebudowy, nadbudowy, projekty gara\u017cy, konsultacje<\/p>\n\n\n\n<p><\/p>\n<\/div>\n\n\n\n<div id=\"wp-block-themeisle-blocks-advanced-column-b537ff82\" class=\"wp-block-themeisle-blocks-advanced-column animated bounceIn\">\n<p class=\"has-text-align-center\"><\/p>\n\n\n<div class=\"wp-block-image is-style-rounded animated bounceIn\">\n<figure class=\"aligncenter size-large is-resized\"><a href=\"https:\/\/rynkowskidesign.pl\/index.php\/oferta-projekty-wnetrz\/\"><img decoding=\"async\" src=\"https:\/\/rynkowskidesign.pl\/wp-content\/uploads\/2025\/01\/P1.07-lazienka-widok-13-1-1024x1024.jpg\" alt=\"\" class=\"wp-image-4612\" width=\"400\" srcset=\"https:\/\/rynkowskidesign.pl\/wp-content\/uploads\/2025\/01\/P1.07-lazienka-widok-13-1-1024x1024.jpg 1024w, https:\/\/rynkowskidesign.pl\/wp-content\/uploads\/2025\/01\/P1.07-lazienka-widok-13-1-300x300.jpg 300w, https:\/\/rynkowskidesign.pl\/wp-content\/uploads\/2025\/01\/P1.07-lazienka-widok-13-1-150x150.jpg 150w, https:\/\/rynkowskidesign.pl\/wp-content\/uploads\/2025\/01\/P1.07-lazienka-widok-13-1-768x768.jpg 768w, https:\/\/rynkowskidesign.pl\/wp-content\/uploads\/2025\/01\/P1.07-lazienka-widok-13-1-1536x1536.jpg 1536w, https:\/\/rynkowskidesign.pl\/wp-content\/uploads\/2025\/01\/P1.07-lazienka-widok-13-1.jpg 2000w\" sizes=\"(max-width: 1024px) 100vw, 1024px\" \/><\/a><\/figure><\/div>\n\n\n<div id=\"wp-block-themeisle-blocks-advanced-heading-15191ef2\" class=\"wp-block-themeisle-blocks-advanced-heading wp-block-themeisle-blocks-advanced-heading-15191ef2\"><br><strong>WN\u0118TRZA<\/strong><\/div>\n\n\n\n<p class=\"has-text-align-center has-normal-font-size\">projekty funkcjonalne, koncepcyjne<br>oraz kompleksowe wn\u0119trz mieszkalnych oraz komercyjnych<\/p>\n<\/div>\n\n\n\n<div id=\"wp-block-themeisle-blocks-advanced-column-9e961d96\" class=\"wp-block-themeisle-blocks-advanced-column animated bounceIn\">\n<p class=\"has-text-align-center\"><\/p>\n\n\n<div class=\"wp-block-image is-style-rounded animated bounceIn\">\n<figure class=\"aligncenter size-large is-resized\"><a href=\"https:\/\/rynkowskidesign.pl\/index.php\/obiekty-handlowo-uslugowe\/\"><img decoding=\"async\" src=\"https:\/\/rynkowskidesign.pl\/wp-content\/uploads\/2023\/09\/x2-1024x1024.jpg\" alt=\"\" class=\"wp-image-4400\" width=\"400\" height=\"400\" srcset=\"https:\/\/rynkowskidesign.pl\/wp-content\/uploads\/2023\/09\/x2-1024x1024.jpg 1024w, https:\/\/rynkowskidesign.pl\/wp-content\/uploads\/2023\/09\/x2-300x300.jpg 300w, https:\/\/rynkowskidesign.pl\/wp-content\/uploads\/2023\/09\/x2-150x150.jpg 150w, https:\/\/rynkowskidesign.pl\/wp-content\/uploads\/2023\/09\/x2-768x768.jpg 768w, https:\/\/rynkowskidesign.pl\/wp-content\/uploads\/2023\/09\/x2-1536x1536.jpg 1536w, https:\/\/rynkowskidesign.pl\/wp-content\/uploads\/2023\/09\/x2.jpg 2001w\" sizes=\"(max-width: 400px) 100vw, 400px\" \/><\/a><\/figure><\/div>\n\n\n<div id=\"wp-block-themeisle-blocks-advanced-heading-1947f40d\" class=\"wp-block-themeisle-blocks-advanced-heading wp-block-themeisle-blocks-advanced-heading-1947f40d\"><br><strong>Budynki us\u0142ugowe<\/strong><\/div>\n\n\n\n<p class=\"has-text-align-center has-normal-font-size\">projekty obiekt\u00f3w u\u017cyteczno\u015bci publicznej<\/p>\n<\/div>\n<\/div><\/section>\n<\/div>\n<\/div><\/section>\n\n\n\n<p><\/p>\n","protected":false},"excerpt":{"rendered":"","protected":false},"author":1,"featured_media":0,"parent":0,"menu_order":0,"comment_status":"closed","ping_status":"closed","template":"page-templates\/template-pagebuilder-full-width.php","meta":{"neve_meta_sidebar":"","neve_meta_container":"","neve_meta_enable_content_width":"","neve_meta_content_width":0,"neve_meta_title_alignment":"","neve_meta_author_avatar":"","neve_post_elements_order":"","neve_meta_disable_header":"","neve_meta_disable_footer":"","neve_meta_disable_title":"","_themeisle_gutenberg_block_has_review":false},"yoast_head":"<!-- This site is optimized with the Yoast SEO plugin v21.4 - https:\/\/yoast.com\/wordpress\/plugins\/seo\/ -->\n<title>Oferta - Architekt Pozna\u0144 - projekty dom\u00f3w, projekty wn\u0119trz<\/title>\n<meta name=\"robots\" content=\"index, follow, max-snippet:-1, max-image-preview:large, max-video-preview:-1\" \/>\n<link rel=\"canonical\" href=\"https:\/\/rynkowskidesign.pl\/index.php\/oferta\/\" \/>\n<meta property=\"og:locale\" content=\"en_US\" \/>\n<meta property=\"og:type\" content=\"article\" \/>\n<meta property=\"og:title\" content=\"Oferta - Architekt Pozna\u0144 - projekty dom\u00f3w, projekty wn\u0119trz\" \/>\n<meta property=\"og:url\" content=\"https:\/\/rynkowskidesign.pl\/index.php\/oferta\/\" \/>\n<meta property=\"og:site_name\" content=\"Architekt Pozna\u0144 - projekty dom\u00f3w, projekty wn\u0119trz\" \/>\n<meta property=\"article:publisher\" content=\"https:\/\/www.facebook.com\/RynkowskiDesign\" \/>\n<meta property=\"article:modified_time\" content=\"2025-01-14T17:40:13+00:00\" \/>\n<meta property=\"og:image\" content=\"https:\/\/rynkowskidesign.pl\/wp-content\/uploads\/2021\/02\/obrazek1-1024x1024.jpg\" \/>\n<meta name=\"twitter:card\" content=\"summary_large_image\" \/>\n<meta name=\"twitter:label1\" content=\"Est. reading time\" \/>\n\t<meta name=\"twitter:data1\" content=\"1 minute\" \/>\n<script type=\"application\/ld+json\" class=\"yoast-schema-graph\">{\"@context\":\"https:\/\/schema.org\",\"@graph\":[{\"@type\":\"WebPage\",\"@id\":\"https:\/\/rynkowskidesign.pl\/index.php\/oferta\/\",\"url\":\"https:\/\/rynkowskidesign.pl\/index.php\/oferta\/\",\"name\":\"Oferta - Architekt Pozna\u0144 - projekty dom\u00f3w, projekty wn\u0119trz\",\"isPartOf\":{\"@id\":\"https:\/\/rynkowskidesign.pl\/#website\"},\"datePublished\":\"2021-02-09T10:40:29+00:00\",\"dateModified\":\"2025-01-14T17:40:13+00:00\",\"breadcrumb\":{\"@id\":\"https:\/\/rynkowskidesign.pl\/index.php\/oferta\/#breadcrumb\"},\"inLanguage\":\"en-US\",\"potentialAction\":[{\"@type\":\"ReadAction\",\"target\":[\"https:\/\/rynkowskidesign.pl\/index.php\/oferta\/\"]}]},{\"@type\":\"BreadcrumbList\",\"@id\":\"https:\/\/rynkowskidesign.pl\/index.php\/oferta\/#breadcrumb\",\"itemListElement\":[{\"@type\":\"ListItem\",\"position\":1,\"name\":\"Home\",\"item\":\"https:\/\/rynkowskidesign.pl\/\"},{\"@type\":\"ListItem\",\"position\":2,\"name\":\"Oferta\"}]},{\"@type\":\"WebSite\",\"@id\":\"https:\/\/rynkowskidesign.pl\/#website\",\"url\":\"https:\/\/rynkowskidesign.pl\/\",\"name\":\"Architekt Pozna\u0144 - projekty dom\u00f3w, projekty wn\u0119trz\",\"description\":\"Rynkowski Design\",\"publisher\":{\"@id\":\"https:\/\/rynkowskidesign.pl\/#organization\"},\"potentialAction\":[{\"@type\":\"SearchAction\",\"target\":{\"@type\":\"EntryPoint\",\"urlTemplate\":\"https:\/\/rynkowskidesign.pl\/?s={search_term_string}\"},\"query-input\":\"required name=search_term_string\"}],\"inLanguage\":\"en-US\"},{\"@type\":\"Organization\",\"@id\":\"https:\/\/rynkowskidesign.pl\/#organization\",\"name\":\"Rynkowski Design\",\"url\":\"https:\/\/rynkowskidesign.pl\/\",\"logo\":{\"@type\":\"ImageObject\",\"inLanguage\":\"en-US\",\"@id\":\"https:\/\/rynkowskidesign.pl\/#\/schema\/logo\/image\/\",\"url\":\"https:\/\/rynkowskidesign.pl\/wp-content\/uploads\/2018\/05\/cropped-2.png\",\"contentUrl\":\"https:\/\/rynkowskidesign.pl\/wp-content\/uploads\/2018\/05\/cropped-2.png\",\"width\":512,\"height\":512,\"caption\":\"Rynkowski Design\"},\"image\":{\"@id\":\"https:\/\/rynkowskidesign.pl\/#\/schema\/logo\/image\/\"},\"sameAs\":[\"https:\/\/www.facebook.com\/RynkowskiDesign\",\"https:\/\/www.instagram.com\/rynkowskidesign\/\",\"https:\/\/www.youtube.com\/channel\/UCzBFs6JGA0RxNvGBJmxe5nQ\"]}]}<\/script>\n<!-- \/ Yoast SEO plugin. -->","yoast_head_json":{"title":"Oferta - Architekt Pozna\u0144 - projekty dom\u00f3w, projekty wn\u0119trz","robots":{"index":"index","follow":"follow","max-snippet":"max-snippet:-1","max-image-preview":"max-image-preview:large","max-video-preview":"max-video-preview:-1"},"canonical":"https:\/\/rynkowskidesign.pl\/index.php\/oferta\/","og_locale":"en_US","og_type":"article","og_title":"Oferta - Architekt Pozna\u0144 - projekty dom\u00f3w, projekty wn\u0119trz","og_url":"https:\/\/rynkowskidesign.pl\/index.php\/oferta\/","og_site_name":"Architekt Pozna\u0144 - projekty dom\u00f3w, projekty wn\u0119trz","article_publisher":"https:\/\/www.facebook.com\/RynkowskiDesign","article_modified_time":"2025-01-14T17:40:13+00:00","og_image":[{"url":"https:\/\/rynkowskidesign.pl\/wp-content\/uploads\/2021\/02\/obrazek1-1024x1024.jpg"}],"twitter_card":"summary_large_image","twitter_misc":{"Est. reading time":"1 minute"},"schema":{"@context":"https:\/\/schema.org","@graph":[{"@type":"WebPage","@id":"https:\/\/rynkowskidesign.pl\/index.php\/oferta\/","url":"https:\/\/rynkowskidesign.pl\/index.php\/oferta\/","name":"Oferta - Architekt Pozna\u0144 - projekty dom\u00f3w, projekty wn\u0119trz","isPartOf":{"@id":"https:\/\/rynkowskidesign.pl\/#website"},"datePublished":"2021-02-09T10:40:29+00:00","dateModified":"2025-01-14T17:40:13+00:00","breadcrumb":{"@id":"https:\/\/rynkowskidesign.pl\/index.php\/oferta\/#breadcrumb"},"inLanguage":"en-US","potentialAction":[{"@type":"ReadAction","target":["https:\/\/rynkowskidesign.pl\/index.php\/oferta\/"]}]},{"@type":"BreadcrumbList","@id":"https:\/\/rynkowskidesign.pl\/index.php\/oferta\/#breadcrumb","itemListElement":[{"@type":"ListItem","position":1,"name":"Home","item":"https:\/\/rynkowskidesign.pl\/"},{"@type":"ListItem","position":2,"name":"Oferta"}]},{"@type":"WebSite","@id":"https:\/\/rynkowskidesign.pl\/#website","url":"https:\/\/rynkowskidesign.pl\/","name":"Architekt Pozna\u0144 - projekty dom\u00f3w, projekty wn\u0119trz","description":"Rynkowski Design","publisher":{"@id":"https:\/\/rynkowskidesign.pl\/#organization"},"potentialAction":[{"@type":"SearchAction","target":{"@type":"EntryPoint","urlTemplate":"https:\/\/rynkowskidesign.pl\/?s={search_term_string}"},"query-input":"required name=search_term_string"}],"inLanguage":"en-US"},{"@type":"Organization","@id":"https:\/\/rynkowskidesign.pl\/#organization","name":"Rynkowski Design","url":"https:\/\/rynkowskidesign.pl\/","logo":{"@type":"ImageObject","inLanguage":"en-US","@id":"https:\/\/rynkowskidesign.pl\/#\/schema\/logo\/image\/","url":"https:\/\/rynkowskidesign.pl\/wp-content\/uploads\/2018\/05\/cropped-2.png","contentUrl":"https:\/\/rynkowskidesign.pl\/wp-content\/uploads\/2018\/05\/cropped-2.png","width":512,"height":512,"caption":"Rynkowski Design"},"image":{"@id":"https:\/\/rynkowskidesign.pl\/#\/schema\/logo\/image\/"},"sameAs":["https:\/\/www.facebook.com\/RynkowskiDesign","https:\/\/www.instagram.com\/rynkowskidesign\/","https:\/\/www.youtube.com\/channel\/UCzBFs6JGA0RxNvGBJmxe5nQ"]}]}},"_links":{"self":[{"href":"https:\/\/rynkowskidesign.pl\/index.php\/wp-json\/wp\/v2\/pages\/2661"}],"collection":[{"href":"https:\/\/rynkowskidesign.pl\/index.php\/wp-json\/wp\/v2\/pages"}],"about":[{"href":"https:\/\/rynkowskidesign.pl\/index.php\/wp-json\/wp\/v2\/types\/page"}],"author":[{"embeddable":true,"href":"https:\/\/rynkowskidesign.pl\/index.php\/wp-json\/wp\/v2\/users\/1"}],"replies":[{"embeddable":true,"href":"https:\/\/rynkowskidesign.pl\/index.php\/wp-json\/wp\/v2\/comments?post=2661"}],"version-history":[{"count":21,"href":"https:\/\/rynkowskidesign.pl\/index.php\/wp-json\/wp\/v2\/pages\/2661\/revisions"}],"predecessor-version":[{"id":4754,"href":"https:\/\/rynkowskidesign.pl\/index.php\/wp-json\/wp\/v2\/pages\/2661\/revisions\/4754"}],"wp:attachment":[{"href":"https:\/\/rynkowskidesign.pl\/index.php\/wp-json\/wp\/v2\/media?parent=2661"}],"curies":[{"name":"wp","href":"https:\/\/api.w.org\/{rel}","templated":true}]}}