{"id":3404,"date":"2021-02-11T12:32:06","date_gmt":"2021-02-11T12:32:06","guid":{"rendered":"https:\/\/rynkowskidesign.pl\/?page_id=3404"},"modified":"2023-09-17T19:11:52","modified_gmt":"2023-09-17T19:11:52","slug":"nowoczesna-lazienka","status":"publish","type":"page","link":"https:\/\/rynkowskidesign.pl\/index.php\/nowoczesna-lazienka\/","title":{"rendered":"Projekt nowoczesnej \u0142azienki"},"content":{"rendered":"\n<div style=\"height:20px\" aria-hidden=\"true\" class=\"wp-block-spacer\"><\/div>\n\n\n\n<h2 class=\"wp-block-heading has-text-align-center\" id=\"block-140c0a55-b707-430c-990c-98b49686052a\" style=\"font-size:30px\">Nowoczesna \u0142azienka. Marmur, szaro\u015bci i z\u0142oto.<\/h2>\n\n\n\n<div style=\"height:20px\" aria-hidden=\"true\" class=\"wp-block-spacer\"><\/div>\n\n\n\n<figure class=\"wp-block-image size-full\"><img decoding=\"async\" width=\"3543\" height=\"1773\" src=\"https:\/\/rynkowskidesign.pl\/wp-content\/uploads\/2020\/03\/\u0142azienka.jpg\" alt=\"\" class=\"wp-image-1542\" srcset=\"https:\/\/rynkowskidesign.pl\/wp-content\/uploads\/2020\/03\/\u0142azienka.jpg 3543w, https:\/\/rynkowskidesign.pl\/wp-content\/uploads\/2020\/03\/\u0142azienka-300x150.jpg 300w, https:\/\/rynkowskidesign.pl\/wp-content\/uploads\/2020\/03\/\u0142azienka-768x384.jpg 768w, https:\/\/rynkowskidesign.pl\/wp-content\/uploads\/2020\/03\/\u0142azienka-1024x512.jpg 1024w, https:\/\/rynkowskidesign.pl\/wp-content\/uploads\/2020\/03\/\u0142azienka-830x415.jpg 830w, https:\/\/rynkowskidesign.pl\/wp-content\/uploads\/2020\/03\/\u0142azienka-230x115.jpg 230w, https:\/\/rynkowskidesign.pl\/wp-content\/uploads\/2020\/03\/\u0142azienka-350x175.jpg 350w, https:\/\/rynkowskidesign.pl\/wp-content\/uploads\/2020\/03\/\u0142azienka-480x240.jpg 480w\" sizes=\"(max-width: 3543px) 100vw, 3543px\" \/><\/figure>\n\n\n\n<div style=\"height:18px\" aria-hidden=\"true\" class=\"wp-block-spacer\"><\/div>\n\n\n\n<p class=\"has-text-align-center has-normal-font-size\">Nowoczesna \u0142azienka, w kt\u00f3rej po\u0142\u0105czono szare p\u0142ytki imituj\u0105ce beton oraz marmur.  <br>Szafka wykonana z drewna subtelnie ociepla wn\u0119trze, a dodatki w kolorze z\u0142ota dodaj\u0105 elegancji.<\/p>\n\n\n\n<div style=\"height:18px\" aria-hidden=\"true\" class=\"wp-block-spacer\"><\/div>\n\n\n\n<figure class=\"wp-block-image size-full\"><img decoding=\"async\" width=\"1181\" height=\"591\" src=\"https:\/\/rynkowskidesign.pl\/wp-content\/uploads\/2020\/03\/\u0142azienka-pi\u0119tro-2-1.jpg\" alt=\"\" class=\"wp-image-1526\" srcset=\"https:\/\/rynkowskidesign.pl\/wp-content\/uploads\/2020\/03\/\u0142azienka-pi\u0119tro-2-1.jpg 1181w, https:\/\/rynkowskidesign.pl\/wp-content\/uploads\/2020\/03\/\u0142azienka-pi\u0119tro-2-1-300x150.jpg 300w, https:\/\/rynkowskidesign.pl\/wp-content\/uploads\/2020\/03\/\u0142azienka-pi\u0119tro-2-1-768x384.jpg 768w, https:\/\/rynkowskidesign.pl\/wp-content\/uploads\/2020\/03\/\u0142azienka-pi\u0119tro-2-1-1024x512.jpg 1024w, https:\/\/rynkowskidesign.pl\/wp-content\/uploads\/2020\/03\/\u0142azienka-pi\u0119tro-2-1-830x415.jpg 830w, https:\/\/rynkowskidesign.pl\/wp-content\/uploads\/2020\/03\/\u0142azienka-pi\u0119tro-2-1-230x115.jpg 230w, https:\/\/rynkowskidesign.pl\/wp-content\/uploads\/2020\/03\/\u0142azienka-pi\u0119tro-2-1-350x175.jpg 350w, https:\/\/rynkowskidesign.pl\/wp-content\/uploads\/2020\/03\/\u0142azienka-pi\u0119tro-2-1-480x240.jpg 480w\" sizes=\"(max-width: 1181px) 100vw, 1181px\" \/><\/figure>\n\n\n\n<div style=\"height:18px\" aria-hidden=\"true\" class=\"wp-block-spacer\"><\/div>\n\n\n\n<p class=\"has-text-align-center\"><font style=\"vertical-align: inherit;\"><font style=\"vertical-align: inherit;\">W \u0142azience zosta\u0142a zaprojektowana funkcjonalna szafa na wymiar. Wybieraj\u0105c projekt kompleksowy otrzymuj\u0105 Pa\u0144stwo rysunki techniczne niezb\u0119dne do wykonania wszystkich mebli na wymiar.<\/font><\/font><\/p>\n\n\n\n<div style=\"height:18px\" aria-hidden=\"true\" class=\"wp-block-spacer\"><\/div>\n\n\n\n<figure class=\"wp-block-image size-full\"><img decoding=\"async\" width=\"1181\" height=\"591\" src=\"https:\/\/rynkowskidesign.pl\/wp-content\/uploads\/2020\/03\/\u0142azienka-pi\u0119tro-4.jpg\" alt=\"\" class=\"wp-image-1529\" srcset=\"https:\/\/rynkowskidesign.pl\/wp-content\/uploads\/2020\/03\/\u0142azienka-pi\u0119tro-4.jpg 1181w, https:\/\/rynkowskidesign.pl\/wp-content\/uploads\/2020\/03\/\u0142azienka-pi\u0119tro-4-300x150.jpg 300w, https:\/\/rynkowskidesign.pl\/wp-content\/uploads\/2020\/03\/\u0142azienka-pi\u0119tro-4-768x384.jpg 768w, https:\/\/rynkowskidesign.pl\/wp-content\/uploads\/2020\/03\/\u0142azienka-pi\u0119tro-4-1024x512.jpg 1024w, https:\/\/rynkowskidesign.pl\/wp-content\/uploads\/2020\/03\/\u0142azienka-pi\u0119tro-4-830x415.jpg 830w, https:\/\/rynkowskidesign.pl\/wp-content\/uploads\/2020\/03\/\u0142azienka-pi\u0119tro-4-230x115.jpg 230w, https:\/\/rynkowskidesign.pl\/wp-content\/uploads\/2020\/03\/\u0142azienka-pi\u0119tro-4-350x175.jpg 350w, https:\/\/rynkowskidesign.pl\/wp-content\/uploads\/2020\/03\/\u0142azienka-pi\u0119tro-4-480x240.jpg 480w\" sizes=\"(max-width: 1181px) 100vw, 1181px\" \/><\/figure>\n\n\n\n<div style=\"height:18px\" aria-hidden=\"true\" class=\"wp-block-spacer\"><\/div>\n\n\n\n<p class=\"has-text-align-center\">Ten projekt \u0142azienki nie wymaga\u0142 kompromis\u00f3w &#8211; zmie\u015bci\u0142a si\u0119 du\u017ca wanna i prysznic.<\/p>\n\n\n\n<div style=\"height:53px\" aria-hidden=\"true\" class=\"wp-block-spacer\"><\/div>\n\n\n\n<p><\/p>\n","protected":false},"excerpt":{"rendered":"<p>Nowoczesna \u0142azienka. Marmur, szaro\u015bci i z\u0142oto. Nowoczesna \u0142azienka, w kt\u00f3rej po\u0142\u0105czono szare p\u0142ytki imituj\u0105ce beton oraz marmur. Szafka wykonana z drewna subtelnie ociepla wn\u0119trze, a dodatki w kolorze z\u0142ota dodaj\u0105 elegancji. W \u0142azience zosta\u0142a zaprojektowana funkcjonalna szafa na wymiar. Wybieraj\u0105c projekt kompleksowy otrzymuj\u0105 Pa\u0144stwo rysunki techniczne niezb\u0119dne do wykonania wszystkich mebli na wymiar. Ten projekt&hellip;&nbsp;<a href=\"https:\/\/rynkowskidesign.pl\/index.php\/nowoczesna-lazienka\/\" class=\"\" rel=\"bookmark\">Read More &raquo;<span class=\"screen-reader-text\">Projekt nowoczesnej \u0142azienki<\/span><\/a><\/p>\n","protected":false},"author":1,"featured_media":0,"parent":0,"menu_order":0,"comment_status":"closed","ping_status":"closed","template":"","meta":{"neve_meta_sidebar":"full-width","neve_meta_container":"","neve_meta_enable_content_width":"on","neve_meta_content_width":100,"neve_meta_title_alignment":"","neve_meta_author_avatar":"","neve_post_elements_order":"","neve_meta_disable_header":"","neve_meta_disable_footer":"","neve_meta_disable_title":"","_themeisle_gutenberg_block_has_review":false},"yoast_head":"<!-- This site is optimized with the Yoast SEO plugin v21.4 - https:\/\/yoast.com\/wordpress\/plugins\/seo\/ -->\n<title>Nowoczesna \u0142azienka w odcieniach szaro\u015bci i marmuru.<\/title>\n<meta name=\"description\" content=\"Nowoczesna \u0142azienka, w kt\u00f3rej po\u0142\u0105czono szare p\u0142ytki imituj\u0105ce beton oraz marmur. Projekt tej \u0142azienki nie wymaga\u0142 kompromis\u00f3w!\" \/>\n<meta name=\"robots\" content=\"index, follow, max-snippet:-1, max-image-preview:large, max-video-preview:-1\" \/>\n<link rel=\"canonical\" href=\"https:\/\/rynkowskidesign.pl\/index.php\/nowoczesna-lazienka\/\" \/>\n<meta property=\"og:locale\" content=\"en_US\" \/>\n<meta property=\"og:type\" content=\"article\" \/>\n<meta property=\"og:title\" content=\"Nowoczesna \u0142azienka w odcieniach szaro\u015bci i marmuru.\" \/>\n<meta property=\"og:description\" content=\"Nowoczesna \u0142azienka, w kt\u00f3rej po\u0142\u0105czono szare p\u0142ytki imituj\u0105ce beton oraz marmur. Projekt tej \u0142azienki nie wymaga\u0142 kompromis\u00f3w!\" \/>\n<meta property=\"og:url\" content=\"https:\/\/rynkowskidesign.pl\/index.php\/nowoczesna-lazienka\/\" \/>\n<meta property=\"og:site_name\" content=\"Architekt Pozna\u0144 - projekty dom\u00f3w, projekty wn\u0119trz\" \/>\n<meta property=\"article:publisher\" content=\"https:\/\/www.facebook.com\/RynkowskiDesign\" \/>\n<meta property=\"article:modified_time\" content=\"2023-09-17T19:11:52+00:00\" \/>\n<meta name=\"twitter:card\" content=\"summary_large_image\" \/>\n<meta name=\"twitter:label1\" content=\"Est. reading time\" \/>\n\t<meta name=\"twitter:data1\" content=\"1 minute\" \/>\n<script type=\"application\/ld+json\" class=\"yoast-schema-graph\">{\"@context\":\"https:\/\/schema.org\",\"@graph\":[{\"@type\":\"WebPage\",\"@id\":\"https:\/\/rynkowskidesign.pl\/index.php\/nowoczesna-lazienka\/\",\"url\":\"https:\/\/rynkowskidesign.pl\/index.php\/nowoczesna-lazienka\/\",\"name\":\"Nowoczesna \u0142azienka w odcieniach szaro\u015bci i marmuru.\",\"isPartOf\":{\"@id\":\"https:\/\/rynkowskidesign.pl\/#website\"},\"datePublished\":\"2021-02-11T12:32:06+00:00\",\"dateModified\":\"2023-09-17T19:11:52+00:00\",\"description\":\"Nowoczesna \u0142azienka, w kt\u00f3rej po\u0142\u0105czono szare p\u0142ytki imituj\u0105ce beton oraz marmur. Projekt tej \u0142azienki nie wymaga\u0142 kompromis\u00f3w!\",\"breadcrumb\":{\"@id\":\"https:\/\/rynkowskidesign.pl\/index.php\/nowoczesna-lazienka\/#breadcrumb\"},\"inLanguage\":\"en-US\",\"potentialAction\":[{\"@type\":\"ReadAction\",\"target\":[\"https:\/\/rynkowskidesign.pl\/index.php\/nowoczesna-lazienka\/\"]}]},{\"@type\":\"BreadcrumbList\",\"@id\":\"https:\/\/rynkowskidesign.pl\/index.php\/nowoczesna-lazienka\/#breadcrumb\",\"itemListElement\":[{\"@type\":\"ListItem\",\"position\":1,\"name\":\"Home\",\"item\":\"https:\/\/rynkowskidesign.pl\/\"},{\"@type\":\"ListItem\",\"position\":2,\"name\":\"Projekt nowoczesnej \u0142azienki\"}]},{\"@type\":\"WebSite\",\"@id\":\"https:\/\/rynkowskidesign.pl\/#website\",\"url\":\"https:\/\/rynkowskidesign.pl\/\",\"name\":\"Architekt Pozna\u0144 - projekty dom\u00f3w, projekty wn\u0119trz\",\"description\":\"Rynkowski Design\",\"publisher\":{\"@id\":\"https:\/\/rynkowskidesign.pl\/#organization\"},\"potentialAction\":[{\"@type\":\"SearchAction\",\"target\":{\"@type\":\"EntryPoint\",\"urlTemplate\":\"https:\/\/rynkowskidesign.pl\/?s={search_term_string}\"},\"query-input\":\"required name=search_term_string\"}],\"inLanguage\":\"en-US\"},{\"@type\":\"Organization\",\"@id\":\"https:\/\/rynkowskidesign.pl\/#organization\",\"name\":\"Rynkowski Design\",\"url\":\"https:\/\/rynkowskidesign.pl\/\",\"logo\":{\"@type\":\"ImageObject\",\"inLanguage\":\"en-US\",\"@id\":\"https:\/\/rynkowskidesign.pl\/#\/schema\/logo\/image\/\",\"url\":\"https:\/\/rynkowskidesign.pl\/wp-content\/uploads\/2018\/05\/cropped-2.png\",\"contentUrl\":\"https:\/\/rynkowskidesign.pl\/wp-content\/uploads\/2018\/05\/cropped-2.png\",\"width\":512,\"height\":512,\"caption\":\"Rynkowski Design\"},\"image\":{\"@id\":\"https:\/\/rynkowskidesign.pl\/#\/schema\/logo\/image\/\"},\"sameAs\":[\"https:\/\/www.facebook.com\/RynkowskiDesign\",\"https:\/\/www.instagram.com\/rynkowskidesign\/\",\"https:\/\/www.youtube.com\/channel\/UCzBFs6JGA0RxNvGBJmxe5nQ\"]}]}<\/script>\n<!-- \/ Yoast SEO plugin. -->","yoast_head_json":{"title":"Nowoczesna \u0142azienka w odcieniach szaro\u015bci i marmuru.","description":"Nowoczesna \u0142azienka, w kt\u00f3rej po\u0142\u0105czono szare p\u0142ytki imituj\u0105ce beton oraz marmur. Projekt tej \u0142azienki nie wymaga\u0142 kompromis\u00f3w!","robots":{"index":"index","follow":"follow","max-snippet":"max-snippet:-1","max-image-preview":"max-image-preview:large","max-video-preview":"max-video-preview:-1"},"canonical":"https:\/\/rynkowskidesign.pl\/index.php\/nowoczesna-lazienka\/","og_locale":"en_US","og_type":"article","og_title":"Nowoczesna \u0142azienka w odcieniach szaro\u015bci i marmuru.","og_description":"Nowoczesna \u0142azienka, w kt\u00f3rej po\u0142\u0105czono szare p\u0142ytki imituj\u0105ce beton oraz marmur. Projekt tej \u0142azienki nie wymaga\u0142 kompromis\u00f3w!","og_url":"https:\/\/rynkowskidesign.pl\/index.php\/nowoczesna-lazienka\/","og_site_name":"Architekt Pozna\u0144 - projekty dom\u00f3w, projekty wn\u0119trz","article_publisher":"https:\/\/www.facebook.com\/RynkowskiDesign","article_modified_time":"2023-09-17T19:11:52+00:00","twitter_card":"summary_large_image","twitter_misc":{"Est. reading time":"1 minute"},"schema":{"@context":"https:\/\/schema.org","@graph":[{"@type":"WebPage","@id":"https:\/\/rynkowskidesign.pl\/index.php\/nowoczesna-lazienka\/","url":"https:\/\/rynkowskidesign.pl\/index.php\/nowoczesna-lazienka\/","name":"Nowoczesna \u0142azienka w odcieniach szaro\u015bci i marmuru.","isPartOf":{"@id":"https:\/\/rynkowskidesign.pl\/#website"},"datePublished":"2021-02-11T12:32:06+00:00","dateModified":"2023-09-17T19:11:52+00:00","description":"Nowoczesna \u0142azienka, w kt\u00f3rej po\u0142\u0105czono szare p\u0142ytki imituj\u0105ce beton oraz marmur. Projekt tej \u0142azienki nie wymaga\u0142 kompromis\u00f3w!","breadcrumb":{"@id":"https:\/\/rynkowskidesign.pl\/index.php\/nowoczesna-lazienka\/#breadcrumb"},"inLanguage":"en-US","potentialAction":[{"@type":"ReadAction","target":["https:\/\/rynkowskidesign.pl\/index.php\/nowoczesna-lazienka\/"]}]},{"@type":"BreadcrumbList","@id":"https:\/\/rynkowskidesign.pl\/index.php\/nowoczesna-lazienka\/#breadcrumb","itemListElement":[{"@type":"ListItem","position":1,"name":"Home","item":"https:\/\/rynkowskidesign.pl\/"},{"@type":"ListItem","position":2,"name":"Projekt nowoczesnej \u0142azienki"}]},{"@type":"WebSite","@id":"https:\/\/rynkowskidesign.pl\/#website","url":"https:\/\/rynkowskidesign.pl\/","name":"Architekt Pozna\u0144 - projekty dom\u00f3w, projekty wn\u0119trz","description":"Rynkowski Design","publisher":{"@id":"https:\/\/rynkowskidesign.pl\/#organization"},"potentialAction":[{"@type":"SearchAction","target":{"@type":"EntryPoint","urlTemplate":"https:\/\/rynkowskidesign.pl\/?s={search_term_string}"},"query-input":"required name=search_term_string"}],"inLanguage":"en-US"},{"@type":"Organization","@id":"https:\/\/rynkowskidesign.pl\/#organization","name":"Rynkowski Design","url":"https:\/\/rynkowskidesign.pl\/","logo":{"@type":"ImageObject","inLanguage":"en-US","@id":"https:\/\/rynkowskidesign.pl\/#\/schema\/logo\/image\/","url":"https:\/\/rynkowskidesign.pl\/wp-content\/uploads\/2018\/05\/cropped-2.png","contentUrl":"https:\/\/rynkowskidesign.pl\/wp-content\/uploads\/2018\/05\/cropped-2.png","width":512,"height":512,"caption":"Rynkowski Design"},"image":{"@id":"https:\/\/rynkowskidesign.pl\/#\/schema\/logo\/image\/"},"sameAs":["https:\/\/www.facebook.com\/RynkowskiDesign","https:\/\/www.instagram.com\/rynkowskidesign\/","https:\/\/www.youtube.com\/channel\/UCzBFs6JGA0RxNvGBJmxe5nQ"]}]}},"_links":{"self":[{"href":"https:\/\/rynkowskidesign.pl\/index.php\/wp-json\/wp\/v2\/pages\/3404"}],"collection":[{"href":"https:\/\/rynkowskidesign.pl\/index.php\/wp-json\/wp\/v2\/pages"}],"about":[{"href":"https:\/\/rynkowskidesign.pl\/index.php\/wp-json\/wp\/v2\/types\/page"}],"author":[{"embeddable":true,"href":"https:\/\/rynkowskidesign.pl\/index.php\/wp-json\/wp\/v2\/users\/1"}],"replies":[{"embeddable":true,"href":"https:\/\/rynkowskidesign.pl\/index.php\/wp-json\/wp\/v2\/comments?post=3404"}],"version-history":[{"count":45,"href":"https:\/\/rynkowskidesign.pl\/index.php\/wp-json\/wp\/v2\/pages\/3404\/revisions"}],"predecessor-version":[{"id":4295,"href":"https:\/\/rynkowskidesign.pl\/index.php\/wp-json\/wp\/v2\/pages\/3404\/revisions\/4295"}],"wp:attachment":[{"href":"https:\/\/rynkowskidesign.pl\/index.php\/wp-json\/wp\/v2\/media?parent=3404"}],"curies":[{"name":"wp","href":"https:\/\/api.w.org\/{rel}","templated":true}]}}