{"id":3602,"date":"2021-02-15T08:25:12","date_gmt":"2021-02-15T08:25:12","guid":{"rendered":"https:\/\/rynkowskidesign.pl\/?page_id=3602"},"modified":"2023-09-18T08:06:15","modified_gmt":"2023-09-18T08:06:15","slug":"niewielka-toaleta","status":"publish","type":"page","link":"https:\/\/rynkowskidesign.pl\/index.php\/niewielka-toaleta\/","title":{"rendered":"Niewielka toaleta"},"content":{"rendered":"\n<div style=\"height:20px\" aria-hidden=\"true\" class=\"wp-block-spacer\"><\/div>\n\n\n\n<h2 class=\"wp-block-heading has-text-align-center\" id=\"block-f873aba7-3cce-4e9e-b835-309d97f428e8\" style=\"font-size:30px\">Ma\u0142a toaleta z akcentem szaro\u015bci i z\u0142ota.<\/h2>\n\n\n\n<div style=\"height:14px\" aria-hidden=\"true\" class=\"wp-block-spacer\"><\/div>\n\n\n<div class=\"wp-block-image\">\n<figure class=\"aligncenter size-full\"><img decoding=\"async\" width=\"1181\" height=\"591\" src=\"https:\/\/rynkowskidesign.pl\/wp-content\/uploads\/2020\/02\/\u0142azienka-parter-3-1.jpg\" alt=\"\" class=\"wp-image-1517\" srcset=\"https:\/\/rynkowskidesign.pl\/wp-content\/uploads\/2020\/02\/\u0142azienka-parter-3-1.jpg 1181w, https:\/\/rynkowskidesign.pl\/wp-content\/uploads\/2020\/02\/\u0142azienka-parter-3-1-300x150.jpg 300w, https:\/\/rynkowskidesign.pl\/wp-content\/uploads\/2020\/02\/\u0142azienka-parter-3-1-768x384.jpg 768w, https:\/\/rynkowskidesign.pl\/wp-content\/uploads\/2020\/02\/\u0142azienka-parter-3-1-1024x512.jpg 1024w, https:\/\/rynkowskidesign.pl\/wp-content\/uploads\/2020\/02\/\u0142azienka-parter-3-1-830x415.jpg 830w, https:\/\/rynkowskidesign.pl\/wp-content\/uploads\/2020\/02\/\u0142azienka-parter-3-1-230x115.jpg 230w, https:\/\/rynkowskidesign.pl\/wp-content\/uploads\/2020\/02\/\u0142azienka-parter-3-1-350x175.jpg 350w, https:\/\/rynkowskidesign.pl\/wp-content\/uploads\/2020\/02\/\u0142azienka-parter-3-1-480x240.jpg 480w\" sizes=\"(max-width: 1181px) 100vw, 1181px\" \/><\/figure><\/div>\n\n\n<div style=\"height:14px\" aria-hidden=\"true\" class=\"wp-block-spacer\"><\/div>\n\n\n\n<div class=\"wp-block-columns is-layout-flex wp-container-3\">\n<div class=\"wp-block-column is-layout-flow\"><div class=\"wp-block-image\">\n<figure class=\"aligncenter size-full\"><img decoding=\"async\" width=\"591\" height=\"1181\" src=\"https:\/\/rynkowskidesign.pl\/wp-content\/uploads\/2020\/02\/\u0142azienka-parter-2-1.jpg\" alt=\"\" class=\"wp-image-1520\" srcset=\"https:\/\/rynkowskidesign.pl\/wp-content\/uploads\/2020\/02\/\u0142azienka-parter-2-1.jpg 591w, https:\/\/rynkowskidesign.pl\/wp-content\/uploads\/2020\/02\/\u0142azienka-parter-2-1-150x300.jpg 150w, https:\/\/rynkowskidesign.pl\/wp-content\/uploads\/2020\/02\/\u0142azienka-parter-2-1-512x1024.jpg 512w, https:\/\/rynkowskidesign.pl\/wp-content\/uploads\/2020\/02\/\u0142azienka-parter-2-1-230x460.jpg 230w, https:\/\/rynkowskidesign.pl\/wp-content\/uploads\/2020\/02\/\u0142azienka-parter-2-1-350x699.jpg 350w, https:\/\/rynkowskidesign.pl\/wp-content\/uploads\/2020\/02\/\u0142azienka-parter-2-1-480x959.jpg 480w\" sizes=\"(max-width: 591px) 100vw, 591px\" \/><\/figure><\/div><\/div>\n\n\n\n<div class=\"wp-block-column is-layout-flow\"><div class=\"wp-block-image\">\n<figure class=\"aligncenter size-full\"><img decoding=\"async\" width=\"591\" height=\"1181\" src=\"https:\/\/rynkowskidesign.pl\/wp-content\/uploads\/2020\/02\/\u0142azienka-parter-1.jpg\" alt=\"\" class=\"wp-image-1521\" srcset=\"https:\/\/rynkowskidesign.pl\/wp-content\/uploads\/2020\/02\/\u0142azienka-parter-1.jpg 591w, https:\/\/rynkowskidesign.pl\/wp-content\/uploads\/2020\/02\/\u0142azienka-parter-1-150x300.jpg 150w, https:\/\/rynkowskidesign.pl\/wp-content\/uploads\/2020\/02\/\u0142azienka-parter-1-512x1024.jpg 512w, https:\/\/rynkowskidesign.pl\/wp-content\/uploads\/2020\/02\/\u0142azienka-parter-1-230x460.jpg 230w, https:\/\/rynkowskidesign.pl\/wp-content\/uploads\/2020\/02\/\u0142azienka-parter-1-350x699.jpg 350w, https:\/\/rynkowskidesign.pl\/wp-content\/uploads\/2020\/02\/\u0142azienka-parter-1-480x959.jpg 480w\" sizes=\"(max-width: 591px) 100vw, 591px\" \/><\/figure><\/div><\/div>\n<\/div>\n\n\n\n<p class=\"has-text-align-center\" style=\"font-size:18px\">Nasza projektowana toaleta to po\u0142\u0105czenie subtelnej elegancji i wyj\u0105tkowej dba\u0142o\u015bci o detale. Odcienie szaro\u015bci nadaj\u0105 przestrzeni nowoczesny charakter, a z\u0142ote akcenty dodaj\u0105 jej wyj\u0105tkowego blasku.<\/p>\n","protected":false},"excerpt":{"rendered":"<p>Ma\u0142a toaleta z akcentem szaro\u015bci i z\u0142ota. Nasza projektowana toaleta to po\u0142\u0105czenie subtelnej elegancji i wyj\u0105tkowej dba\u0142o\u015bci o detale. Odcienie szaro\u015bci nadaj\u0105 przestrzeni nowoczesny charakter, a z\u0142ote akcenty dodaj\u0105 jej wyj\u0105tkowego blasku.<\/p>\n","protected":false},"author":1,"featured_media":0,"parent":0,"menu_order":0,"comment_status":"closed","ping_status":"closed","template":"","meta":{"neve_meta_sidebar":"full-width","neve_meta_container":"","neve_meta_enable_content_width":"on","neve_meta_content_width":100,"neve_meta_title_alignment":"","neve_meta_author_avatar":"","neve_post_elements_order":"","neve_meta_disable_header":"","neve_meta_disable_footer":"","neve_meta_disable_title":"","_themeisle_gutenberg_block_has_review":false},"yoast_head":"<!-- This site is optimized with the Yoast SEO plugin v21.4 - https:\/\/yoast.com\/wordpress\/plugins\/seo\/ -->\n<title>Niewielka toaleta - Architekt Pozna\u0144 - projekty dom\u00f3w, projekty wn\u0119trz<\/title>\n<meta name=\"robots\" content=\"index, follow, max-snippet:-1, max-image-preview:large, max-video-preview:-1\" \/>\n<link rel=\"canonical\" href=\"https:\/\/rynkowskidesign.pl\/index.php\/niewielka-toaleta\/\" \/>\n<meta property=\"og:locale\" content=\"en_US\" \/>\n<meta property=\"og:type\" content=\"article\" \/>\n<meta property=\"og:title\" content=\"Niewielka toaleta - Architekt Pozna\u0144 - projekty dom\u00f3w, projekty wn\u0119trz\" \/>\n<meta property=\"og:description\" content=\"Ma\u0142a toaleta z akcentem szaro\u015bci i z\u0142ota. Nasza projektowana toaleta to po\u0142\u0105czenie subtelnej elegancji i wyj\u0105tkowej dba\u0142o\u015bci o detale. Odcienie szaro\u015bci nadaj\u0105 przestrzeni nowoczesny charakter, a z\u0142ote akcenty dodaj\u0105 jej wyj\u0105tkowego blasku.\" \/>\n<meta property=\"og:url\" content=\"https:\/\/rynkowskidesign.pl\/index.php\/niewielka-toaleta\/\" \/>\n<meta property=\"og:site_name\" content=\"Architekt Pozna\u0144 - projekty dom\u00f3w, projekty wn\u0119trz\" \/>\n<meta property=\"article:publisher\" content=\"https:\/\/www.facebook.com\/RynkowskiDesign\" \/>\n<meta property=\"article:modified_time\" content=\"2023-09-18T08:06:15+00:00\" \/>\n<meta name=\"twitter:card\" content=\"summary_large_image\" \/>\n<meta name=\"twitter:label1\" content=\"Est. reading time\" \/>\n\t<meta name=\"twitter:data1\" content=\"1 minute\" \/>\n<script type=\"application\/ld+json\" class=\"yoast-schema-graph\">{\"@context\":\"https:\/\/schema.org\",\"@graph\":[{\"@type\":\"WebPage\",\"@id\":\"https:\/\/rynkowskidesign.pl\/index.php\/niewielka-toaleta\/\",\"url\":\"https:\/\/rynkowskidesign.pl\/index.php\/niewielka-toaleta\/\",\"name\":\"Niewielka toaleta - Architekt Pozna\u0144 - projekty dom\u00f3w, projekty wn\u0119trz\",\"isPartOf\":{\"@id\":\"https:\/\/rynkowskidesign.pl\/#website\"},\"datePublished\":\"2021-02-15T08:25:12+00:00\",\"dateModified\":\"2023-09-18T08:06:15+00:00\",\"breadcrumb\":{\"@id\":\"https:\/\/rynkowskidesign.pl\/index.php\/niewielka-toaleta\/#breadcrumb\"},\"inLanguage\":\"en-US\",\"potentialAction\":[{\"@type\":\"ReadAction\",\"target\":[\"https:\/\/rynkowskidesign.pl\/index.php\/niewielka-toaleta\/\"]}]},{\"@type\":\"BreadcrumbList\",\"@id\":\"https:\/\/rynkowskidesign.pl\/index.php\/niewielka-toaleta\/#breadcrumb\",\"itemListElement\":[{\"@type\":\"ListItem\",\"position\":1,\"name\":\"Home\",\"item\":\"https:\/\/rynkowskidesign.pl\/\"},{\"@type\":\"ListItem\",\"position\":2,\"name\":\"Niewielka toaleta\"}]},{\"@type\":\"WebSite\",\"@id\":\"https:\/\/rynkowskidesign.pl\/#website\",\"url\":\"https:\/\/rynkowskidesign.pl\/\",\"name\":\"Architekt Pozna\u0144 - projekty dom\u00f3w, projekty wn\u0119trz\",\"description\":\"Rynkowski Design\",\"publisher\":{\"@id\":\"https:\/\/rynkowskidesign.pl\/#organization\"},\"potentialAction\":[{\"@type\":\"SearchAction\",\"target\":{\"@type\":\"EntryPoint\",\"urlTemplate\":\"https:\/\/rynkowskidesign.pl\/?s={search_term_string}\"},\"query-input\":\"required name=search_term_string\"}],\"inLanguage\":\"en-US\"},{\"@type\":\"Organization\",\"@id\":\"https:\/\/rynkowskidesign.pl\/#organization\",\"name\":\"Rynkowski Design\",\"url\":\"https:\/\/rynkowskidesign.pl\/\",\"logo\":{\"@type\":\"ImageObject\",\"inLanguage\":\"en-US\",\"@id\":\"https:\/\/rynkowskidesign.pl\/#\/schema\/logo\/image\/\",\"url\":\"https:\/\/rynkowskidesign.pl\/wp-content\/uploads\/2018\/05\/cropped-2.png\",\"contentUrl\":\"https:\/\/rynkowskidesign.pl\/wp-content\/uploads\/2018\/05\/cropped-2.png\",\"width\":512,\"height\":512,\"caption\":\"Rynkowski Design\"},\"image\":{\"@id\":\"https:\/\/rynkowskidesign.pl\/#\/schema\/logo\/image\/\"},\"sameAs\":[\"https:\/\/www.facebook.com\/RynkowskiDesign\",\"https:\/\/www.instagram.com\/rynkowskidesign\/\",\"https:\/\/www.youtube.com\/channel\/UCzBFs6JGA0RxNvGBJmxe5nQ\"]}]}<\/script>\n<!-- \/ Yoast SEO plugin. -->","yoast_head_json":{"title":"Niewielka toaleta - Architekt Pozna\u0144 - projekty dom\u00f3w, projekty wn\u0119trz","robots":{"index":"index","follow":"follow","max-snippet":"max-snippet:-1","max-image-preview":"max-image-preview:large","max-video-preview":"max-video-preview:-1"},"canonical":"https:\/\/rynkowskidesign.pl\/index.php\/niewielka-toaleta\/","og_locale":"en_US","og_type":"article","og_title":"Niewielka toaleta - Architekt Pozna\u0144 - projekty dom\u00f3w, projekty wn\u0119trz","og_description":"Ma\u0142a toaleta z akcentem szaro\u015bci i z\u0142ota. Nasza projektowana toaleta to po\u0142\u0105czenie subtelnej elegancji i wyj\u0105tkowej dba\u0142o\u015bci o detale. Odcienie szaro\u015bci nadaj\u0105 przestrzeni nowoczesny charakter, a z\u0142ote akcenty dodaj\u0105 jej wyj\u0105tkowego blasku.","og_url":"https:\/\/rynkowskidesign.pl\/index.php\/niewielka-toaleta\/","og_site_name":"Architekt Pozna\u0144 - projekty dom\u00f3w, projekty wn\u0119trz","article_publisher":"https:\/\/www.facebook.com\/RynkowskiDesign","article_modified_time":"2023-09-18T08:06:15+00:00","twitter_card":"summary_large_image","twitter_misc":{"Est. reading time":"1 minute"},"schema":{"@context":"https:\/\/schema.org","@graph":[{"@type":"WebPage","@id":"https:\/\/rynkowskidesign.pl\/index.php\/niewielka-toaleta\/","url":"https:\/\/rynkowskidesign.pl\/index.php\/niewielka-toaleta\/","name":"Niewielka toaleta - Architekt Pozna\u0144 - projekty dom\u00f3w, projekty wn\u0119trz","isPartOf":{"@id":"https:\/\/rynkowskidesign.pl\/#website"},"datePublished":"2021-02-15T08:25:12+00:00","dateModified":"2023-09-18T08:06:15+00:00","breadcrumb":{"@id":"https:\/\/rynkowskidesign.pl\/index.php\/niewielka-toaleta\/#breadcrumb"},"inLanguage":"en-US","potentialAction":[{"@type":"ReadAction","target":["https:\/\/rynkowskidesign.pl\/index.php\/niewielka-toaleta\/"]}]},{"@type":"BreadcrumbList","@id":"https:\/\/rynkowskidesign.pl\/index.php\/niewielka-toaleta\/#breadcrumb","itemListElement":[{"@type":"ListItem","position":1,"name":"Home","item":"https:\/\/rynkowskidesign.pl\/"},{"@type":"ListItem","position":2,"name":"Niewielka toaleta"}]},{"@type":"WebSite","@id":"https:\/\/rynkowskidesign.pl\/#website","url":"https:\/\/rynkowskidesign.pl\/","name":"Architekt Pozna\u0144 - projekty dom\u00f3w, projekty wn\u0119trz","description":"Rynkowski Design","publisher":{"@id":"https:\/\/rynkowskidesign.pl\/#organization"},"potentialAction":[{"@type":"SearchAction","target":{"@type":"EntryPoint","urlTemplate":"https:\/\/rynkowskidesign.pl\/?s={search_term_string}"},"query-input":"required name=search_term_string"}],"inLanguage":"en-US"},{"@type":"Organization","@id":"https:\/\/rynkowskidesign.pl\/#organization","name":"Rynkowski Design","url":"https:\/\/rynkowskidesign.pl\/","logo":{"@type":"ImageObject","inLanguage":"en-US","@id":"https:\/\/rynkowskidesign.pl\/#\/schema\/logo\/image\/","url":"https:\/\/rynkowskidesign.pl\/wp-content\/uploads\/2018\/05\/cropped-2.png","contentUrl":"https:\/\/rynkowskidesign.pl\/wp-content\/uploads\/2018\/05\/cropped-2.png","width":512,"height":512,"caption":"Rynkowski Design"},"image":{"@id":"https:\/\/rynkowskidesign.pl\/#\/schema\/logo\/image\/"},"sameAs":["https:\/\/www.facebook.com\/RynkowskiDesign","https:\/\/www.instagram.com\/rynkowskidesign\/","https:\/\/www.youtube.com\/channel\/UCzBFs6JGA0RxNvGBJmxe5nQ"]}]}},"_links":{"self":[{"href":"https:\/\/rynkowskidesign.pl\/index.php\/wp-json\/wp\/v2\/pages\/3602"}],"collection":[{"href":"https:\/\/rynkowskidesign.pl\/index.php\/wp-json\/wp\/v2\/pages"}],"about":[{"href":"https:\/\/rynkowskidesign.pl\/index.php\/wp-json\/wp\/v2\/types\/page"}],"author":[{"embeddable":true,"href":"https:\/\/rynkowskidesign.pl\/index.php\/wp-json\/wp\/v2\/users\/1"}],"replies":[{"embeddable":true,"href":"https:\/\/rynkowskidesign.pl\/index.php\/wp-json\/wp\/v2\/comments?post=3602"}],"version-history":[{"count":4,"href":"https:\/\/rynkowskidesign.pl\/index.php\/wp-json\/wp\/v2\/pages\/3602\/revisions"}],"predecessor-version":[{"id":4359,"href":"https:\/\/rynkowskidesign.pl\/index.php\/wp-json\/wp\/v2\/pages\/3602\/revisions\/4359"}],"wp:attachment":[{"href":"https:\/\/rynkowskidesign.pl\/index.php\/wp-json\/wp\/v2\/media?parent=3602"}],"curies":[{"name":"wp","href":"https:\/\/api.w.org\/{rel}","templated":true}]}}